3*j + 45. What is the highest common factor of 15 and j?
15
Let u(t) = 17*t - 2. Let i be u(3). Let z be ((-7)/2)/((-3)/6). What is the greatest common factor of z and i?
7
Let b(g) = -g**2 - 37*g + 21. Let u be b(-37). Calculate the greatest common factor of u and 147.
21
Let l = 228 - 128. Calculate the greatest common factor of 250 and l.
50
Suppose p + 2*p = 0, -i - 3*p + 9 = 0. What is the highest common factor of 72 and i?
9
Let b be 549/72 + (-6)/(-16). Calculate the greatest common divisor of 56 and b.
8
Let q be 56 + (-2)/2 + 1. Let a = 126 - q. Let k be (-3)/4 + a/8. Calculate the highest common factor of 32 and k.
8
Let w be 3 - (0 - -1 - 1). Suppose i - w*s - 1 = -4*i, -5*s + 19 = 2*i. Let j be 134/6 - 1/3. Calculate the highest common factor of j and i.
2
Let b be 3/21 - 2238/(-14). What is the greatest common factor of b and 20?
20
Suppose -493 = -5*k + b, 0 = b - 4 + 2. Calculate the highest common divisor of 9 and k.
9
Let b(n) = -n**2 - 11*n + 4. Let v be b(-9). Suppose 3*f - 498 = 5*w + v, -845 = -5*f + 4*w. Calculate the greatest common factor of 66 and f.
33
Let u be (-5)/2*1832/(-10). Suppose 3*h - 151 = -q, -u = -3*q - 7*h + 3*h. What is the highest common divisor of q and 14?
14
Suppose -t = -3 - 7. Let b be (t/8)/((-3)/(-72)). Suppose 0 = -0*u + 2*u + 5*f - 30, 110 = 5*u - 5*f. Calculate the highest common factor of u and b.
10
Let w(d) = d - 4 + 3 + 0. Let f be w(4). Suppose -3*p - 114 = -f*k, -5*k + 97 + 73 = -p. What is the highest common factor of k and 22?
11
Let w = -15 - -57. Calculate the greatest common divisor of 168 and w.
42
Suppose -l + 16 = -2*w, -2*l = -2*w + 5*w - 25. What is the highest common factor of l and 7?
7
Let p = 89 - 54. What is the highest common divisor of p and 140?
35
Let d(r) = -5*r - 1. Let b be d(-2). Let j be (-4)/(((-42)/b)/7). What is the greatest common divisor of 30 and j?
6
Suppose -k - 2*j + 5 = -5*j, 0 = -k - 4*j - 2. Suppose k*z = -7 + 29. Let a = z + -6. Calculate the highest common factor of a and 25.
5
Suppose n - 2*a = 36, 2*a = -3*n - 0*a + 84. Let m(c) = c**2 + c - 22. Let v be m(0). Let j = v + 34. Calculate the highest common factor of n and j.
6
Suppose -3*f + 0*f = -24. What is the highest common divisor of 4 and f?
4
Let u(f) = 6*f**2 - 3*f + 3. Let v be u(2). Suppose -478 + 37 = -3*y. Calculate the highest common factor of v and y.
21
Suppose 3*y - d = -15 + 146, -2*d = 4*y - 158. Calculate the highest common divisor of y and 28.
14
Let o(p) = p**3 + 9*p**2 + 3*p - 42. Let b be o(-7). What is the greatest common factor of b and 5?
5
Let j = -16 + 28. Calculate the greatest common factor of j and 16.
4
Let z be 5 + -1 - (-1 - -1). Suppose h - 240 = z*h. Let k be ((-15)/(-10))/((-6)/h). Calculate the greatest common divisor of k and 10.
10
Let h(n) = n**3 + 7*n**2 + 6*n + 5. Let q be h(-6). Suppose q*t + 12 = t. Let y be 3*40/(-18)*t. What is the greatest common factor of y and 10?
10
Let y(x) be the third derivative of -7*x**4/12 - 2*x**3/3 + x**2. Let s be y(-5). Suppose -s = -3*g + 84. Calculate the greatest common divisor of 20 and g.
10
Suppose 0 = 2*y + 2*y - 44. Let d(k) = k + 13. Let q be d(-10). Suppose -3*h + 3 = -4*u - 0, -2 = -2*h - q*u. Calculate the highest common divisor of h and y.
1
Suppose -11 = 5*m - 4*w, -2*m + 3*w - 10 = -0. Calculate the greatest common divisor of m and 13.
1
Let n be (-214)/(-10) + 2 + (-48)/20. Calculate the greatest common divisor of 105 and n.
21
Suppose 3*a + 8 = 5*a. Let k be (14 + 0)/(a/2). What is the highest common factor of k and 21?
7
Suppose -4*f = -f - 180. Let b be 2/8 + 69/12. What is the greatest common factor of f and b?
6
Suppose 4*m - 20 = 0, j - 4*m + 10 = -j. Suppose -r - 4 = 0, -w + j*r + 28 = -0*w. Let h = -30 - -38. What is the greatest common divisor of w and h?
8
Suppose 0 = -0*u - u + 3*x + 24, 0 = -4*u - 2*x + 82. Suppose 2*c + c = u. Calculate the highest common divisor of 63 and c.
7
Suppose 4*b - 36 = -0*b. Let k be 6/(-15) - 1491/(-15). Calculate the highest common divisor of k and b.
9
Let b(d) = -4*d**2 - 7*d - 7. Let c(l) = 4*l**2 + 8*l + 8. Let p(g) = -6*b(g) - 5*c(g). Let a be p(3). Calculate the highest common factor of a and 11.
11
Let n(k) = 83*k**2 + 3*k + 4. Let a be n(-2). What is the greatest common factor of 30 and a?
30
Let m(c) = -c**3 + 9*c**2 + 7*c - 3. Let i be m(9). Suppose -100 = -4*a + 5*y, 0*a - 4*a = -4*y - 96. Calculate the highest common divisor of a and i.
20
Let f be (25 - -2)/((-1)/(-2)). Let t be (6/8)/(2/(-8)). Let l = t - -21. What is the highest common divisor of l and f?
18
Let p = -12 + 26. Let z = -5 + 3. Let l = z + p. Calculate the highest common divisor of 12 and l.
12
Suppose 5*p + 3*s = 17, -3*s + 11 = 3*p - s. Let i = -1 - -8. Calculate the highest common factor of p and i.
1
Suppose 2*t + 23 = 5*u, 5*t = 8*u - 4*u - 15. Calculate the highest common factor of u and 65.
5
Let v = -2 - -2. Suppose -4*k + 23 = 5*p, -k = -p + 1 - v. Suppose -k*i = -a + 65, 0*i - 305 = -4*a - i. What is the highest common divisor of 30 and a?
15
Suppose -5*d + 2*a = -2*a + 38, -5*a = 4*d + 55. Let y = d - -16. Let n be -2*y/(-4) - 2. Calculate the greatest common divisor of n and 2.
1
Let h be 6*(12/(-8))/(-1). Let n(m) = 8*m - 7*m + 12*m + 7. Let d be n(5). Calculate the greatest common divisor of h and d.
9
Let z be 33 + (3 - 2 - 1). Let d = -21 + z. Let b(g) = g**3 - g**2 + 2*g + 4. Let u be b(4). What is the highest common factor of d and u?
12
Suppose 4*t = -t + 20, -2*t + 483 = 5*h. Let k be (-4)/(-10) - (-6)/10. Let y be k/(-4) + (-154)/(-8). Calculate the greatest common divisor of y and h.
19
Suppose 2 + 4 = 2*h. Suppose -2*d + 5*d = -4*n + 7, -5*d + 2 = -3*n. Let m be d*1*-7*-3. Calculate the highest common factor of h and m.
3
Suppose 0*t + 4*t = 288. Let w be (-150)/(-8) + (-24)/32. Calculate the greatest common factor of t and w.
18
Let w be (-2 - -2)*1/(-3). Suppose w = -8*a + 5*a + 60. Let k(m) = 17*m - 2. Let n be k(6). What is the greatest common divisor of a and n?
20
Suppose 23*y - 96 = 19*y. Calculate the greatest common divisor of y and 24.
24
Let j(v) = v**2 - 12*v - 99. Let b be j(18). Suppose 4*p - 2 = 3*p, 5*i + 5*p = 445. Let r = 123 - i. What is the greatest common factor of b and r?
9
Suppose 65 = 3*h + 5*v - 4*v, 3*h = 5*v + 71. Calculate the highest common divisor of h and 143.
11
Suppose 4*j + 24 = 4*s, 2*j - 36 = -3*s + 2. What is the highest common factor of 10 and s?
10
Let b(i) = -26*i**2. Let o be b(1). Let x = o - -59. What is the highest common divisor of x and 3?
3
Let n(k) = -5*k - 6. Let i be n(-6). Let v(s) = s**3 - 9*s**2 - 10*s + 7. Let h be v(10). Suppose -z = -5 - h. Calculate the highest common divisor of i and z.
12
Suppose -3*d - w + 14 = -0*w, 5*d - 2*w - 38 = 0. Let b(f) = -f**3 + 5*f**2 + 8*f - 2. Let y be b(d). Calculate the greatest common factor of y and 4.
2
Suppose 5 + 5 = l. Let d be (275/l)/(2/4). Calculate the highest common divisor of d and 11.
11
Let u(m) = 3*m + 4. Let t be u(-5). Let p = t - -25. What is the highest common divisor of p and 35?
7
Let z(y) = 2*y - 3. Let h be z(6). Let n be 1/((-1)/(-17)) + 1. Calculate the greatest common factor of n and h.
9
Suppose 2*v + 0*g - 4*g = -120, 4*g = v + 50. Let y be (-6)/4 + v/(-4). What is the highest common factor of y and 2?
2
Let z(p) = -p**2 + p + 5. Let b be z(0). Suppose 2*x = 7 + 11. Suppose n - 10 = -x. What is the greatest common divisor of b and n?
1
Let p = 4 + 20. Let y = -9 - -12. Calculate the highest common divisor of y and p.
3
Suppose 3*p + 36 = -0*p. Let w(b) = 15*b - 2. Let n be w(-1). Let j = p - n. Calculate the highest common divisor of 40 and j.
5
Suppose h - 2*h = 4*i - 11, -26 = 2*h - 4*i. Let q be 141/5 - (-1)/h. What is the greatest common divisor of q and 14?
14
Suppose -2*y - 2*u + 7 = -5*y, -4*y = 3*u - 2. Let m(o) = 16*o**2 - 2*o - 1. Let a be m(y). Calculate the greatest common factor of 68 and a.
17
Suppose 0*z - 67 = -4*z + 3*f, 2*z = 5*f + 37. Let t be -1 + 5 + (-1 - -1). Suppose t*n - 148 = 172. Calculate the greatest common divisor of z and n.
16
Let u(c) = c**2 - 5. Let h be u(5). Suppose 3*y = -y + h. Suppose y*f = 1 + 9. What is the greatest common divisor of f and 18?
2
Let b be (-10890)/(-44) - (0 + (-2)/4). Calculate the h